What is the greatest common divisor of 100561791 and 33?
33
Calculate the highest common divisor of 64752 and 23256.
456
Calculate the greatest common divisor of 17045866 and 188.
94
Calculate the greatest common divisor of 57830935 and 75185.
6835
Calculate the highest common divisor of 137542023 and 6.
3
What is the greatest common divisor of 357300 and 393824?
1588
Calculate the highest common divisor of 720 and 9159480.
360
Calculate the greatest common factor of 225414 and 4662.
126
Calculate the greatest common factor of 23819656 and 1736.
1736
Calculate the greatest common divisor of 1403950 and 55040.
430
Calculate the greatest common divisor of 855 and 1843230.
15
What is the highest common factor of 41635319 and 22?
11
Calculate the greatest common divisor of 36 and 20073654.
18
What is the greatest common divisor of 4225912 and 27700?
1108
Calculate the highest common factor of 167987741 and 19218.
3203
What is the highest common factor of 72 and 104705928?
72
What is the greatest common divisor of 1190 and 13234942?
238
Calculate the highest common factor of 10340 and 142021.
11
Calculate the greatest common divisor of 9337971 and 63.
3
Calculate the greatest common divisor of 21889845 and 18.
9
What is the highest common factor of 32692614 and 7864?
1966
Calculate the greatest common divisor of 871 and 466461437.
871
What is the greatest common divisor of 12031317 and 5394?
2697
Calculate the greatest common factor of 123781 and 154.
7
What is the highest common factor of 6705 and 683165?
745
Calculate the greatest common divisor of 1984797120 and 464.
464
Calculate the greatest common factor of 430 and 10418470.
430
Calculate the greatest common factor of 368246 and 36562.
202
Calculate the greatest common factor of 1664874 and 6278.
86
What is the highest common factor of 5100 and 31116150?
150
Calculate the greatest common factor of 48526404 and 1956.
1956
What is the highest common divisor of 10420297 and 1905451?
4421
What is the greatest common factor of 368 and 1301440?
16
What is the highest common divisor of 46950 and 2367750?
150
What is the highest common divisor of 42294 and 70914?
318
What is the highest common factor of 41256 and 302472?
72
Calculate the greatest common factor of 19 and 140889883.
19
Calculate the highest common factor of 1936927 and 7620232.
3541
What is the greatest common divisor of 12202456 and 21?
7
Calculate the highest common divisor of 17244 and 9864.
36
Calculate the highest common divisor of 73314 and 45.
9
What is the highest common factor of 28918 and 732082?
1522
What is the greatest common factor of 924 and 4575802?
154
Calculate the greatest common factor of 18041752 and 393576.
5704
Calculate the highest common divisor of 309 and 381170967.
309
What is the greatest common divisor of 96255744 and 1248?
1248
What is the highest common divisor of 238 and 172390778?
238
What is the greatest common factor of 13671 and 129703?
49
What is the greatest common divisor of 210161 and 96236?
49
What is the highest common divisor of 54747 and 2628549?
693
What is the greatest common factor of 2451 and 3039?
3
What is the greatest common divisor of 132581064 and 1617?
1617
What is the highest common divisor of 77035 and 139097?
217
Calculate the greatest common divisor of 500 and 16847625.
125
What is the greatest common divisor of 28 and 336746858?
14
What is the highest common divisor of 8 and 16445655?
1
What is the highest common factor of 474 and 467898?
6
What is the greatest common factor of 430 and 598892390?
430
Calculate the greatest common divisor of 822580 and 24464.
44
Calculate the highest common divisor of 5865 and 70635.
255
What is the greatest common factor of 407063 and 83885?
883
What is the highest common factor of 179938284 and 5548?
5548
Calculate the greatest common factor of 959036814 and 10908.
5454
Calculate the greatest common factor of 930 and 2008986.
186
What is the greatest common factor of 3455805 and 705?
15
Calculate the highest common factor of 776248 and 935.
11
What is the greatest common divisor of 12947520 and 200?
40
What is the highest common factor of 448 and 38276?
28
Calculate the highest common divisor of 2218341 and 4530.
453
Calculate the greatest common divisor of 97598 and 162.
2
Calculate the highest common factor of 5416824 and 3078.
114
What is the greatest common divisor of 33216 and 31168?
64
What is the greatest common factor of 553 and 3074759?
79
Calculate the highest common divisor of 10443970 and 30.
10
Calculate the greatest common divisor of 4223 and 42183547.
4223
What is the highest common factor of 135044 and 32755060?
2756
Calculate the greatest common factor of 25178694 and 1616.
202
What is the highest common factor of 24975576 and 532?
76
Calculate the highest common divisor of 140206 and 393602.
22
Calculate the greatest common factor of 3370746 and 12126.
282
Calculate the highest common divisor of 4 and 7041236.
4
Calculate the highest common factor of 51 and 367098510.
51
Calculate the greatest common divisor of 660 and 121350735.
165
Calculate the highest common factor of 102488 and 1892686.
1114
What is the highest common divisor of 2596 and 3317570?
118
What is the highest common divisor of 65057 and 764177?
971
What is the highest common divisor of 117 and 23475413?
13
What is the greatest common factor of 14056 and 113888740?
7028
What is the highest common factor of 1896 and 5300268?
948
Calculate the highest common divisor of 20034 and 70278.
318
What is the highest common divisor of 928 and 59094576?
464
What is the highest common divisor of 18 and 19935927?
9
Calculate the highest common divisor of 952496 and 354.
118
Calculate the highest common factor of 1140 and 50975670.
570
Calculate the greatest common factor of 351923 and 654511.
3289
Calculate the highest common divisor of 64258 and 1139734.
3382
Calculate the highest common factor of 33 and 8827093.
11
What is the greatest common factor of 196250 and 350110?
1570
What is the greatest common factor of 414770884 and 22?
22
Calculate the greatest common divisor of 6976133 and 4504.
563
What is the highest common factor of 301940 and 1047180?
620
What is the greatest common factor of 8978515 and 50960?
3185
What is the greatest common factor of 3068 and 105673484?
236
Calculate the highest common factor of 2070 and 117093.
69
What is the highest common divisor of 58350 and 36186?
6
What is the greatest common divisor of 1270 and 37790?
10
What is the highest common divisor of 4335 and 59751039?
867
Calculate the highest common factor of 30736 and 801057.
1921
What is the greatest common factor of 11399704 and 776?
8
Calculate the highest common divisor of 201650 and 4297325.
2725
Calculate the greatest common factor of 12246534 and 621.
207
Calculate the highest common factor of 129091155 and 3.
3
Calculate the greatest common divisor of 5430092 and 38668.
5524
Calculate the greatest common divisor of 170230 and 432032.
1174
What is the highest common factor of 296087322 and 492?
246
What is the greatest common factor of 270 and 431805?
15
What is the greatest common divisor of 12254 and 30078?
1114
Calculate the greatest common divisor of 38572 and 1148.
4
Calculate the highest common factor of 75708864 and 693.
693
What is the highest common divisor of 1242 and 3018170538?
1242
What is the highest common divisor of 244510 and 182770?
490
What is the greatest common factor of 4822551 and 27?
27
Calculate the greatest common factor of 4008 and 26939772.
2004
What is the greatest common factor of 7985 and 2662199?
1597
What is the highest common factor of 15515 and 47309440?
145
Calculate the greatest common factor of 7943 and 29786588.
169
Calculate the greatest common divisor of 1936334 and 221.
17
What is the greatest common divisor of 20565613 and 1?
1
Calculate the highest common factor of 1001929 and 58.
1
Calculate the highest common factor of 190635 and 5609.
71
Calculate the greatest common divisor of 9243 and 2482101.
711
Calculate the greatest common factor of 3592211 and 14.
7
What is the greatest common factor of 6360758 and 14546?
2078
What is the highest common factor of 9008 and 25836?
4
Calculate the greatest common divisor of 10839 and 612.
